16?
2, 13, 17, 137
What are the prime factors of 3729095?
5, 59, 12641
List the prime factors of 6986242.
2, 3493121
What are the prime factors of 790308?
2, 3, 29, 757
What are the prime factors of 318181?
318181
List the prime factors of 10992076.
2, 2748019
List the prime factors of 118268.
2, 29567
What are the prime factors of 1764580?
2, 5, 83, 1063
What are the prime factors of 5885605?
5, 11, 113, 947
List the prime factors of 4127236.
2, 1031809
List the prime factors of 7084835.
5, 17, 4903
What are the prime factors of 185923?
185923
List the prime factors of 6687388.
2, 23, 72689
List the prime factors of 8797430.
2, 5, 879743
What are the prime factors of 23090698?
2, 307, 37607
What are the prime factors of 23813?
23813
List the prime factors of 740248.
2, 17, 5443
What are the prime factors of 24964?
2, 79
What are the prime factors of 8937776?
2, 558611
List the prime factors of 10356521.
7, 827, 1789
List the prime factors of 4328228.
2, 661, 1637
List the prime factors of 251942.
2, 23, 5477
What are the prime factors of 106499?
281, 379
What are the prime factors of 194103?
3, 7, 13, 79
What are the prime factors of 25250082?
2, 3, 11, 13, 29429
List the prime factors of 222681.
3, 199, 373
What are the prime factors of 172632?
2, 3, 7193
List the prime factors of 577326.
2, 3, 96221
What are the prime factors of 253215?
3, 5, 17, 331
List the prime factors of 4768550.
2, 5, 283, 337
List the prime factors of 44831.
127, 353
List the prime factors of 43418257.
43418257
What are the prime factors of 4233165?
3, 5, 241, 1171
What are the prime factors of 11139539?
17, 655267
What are the prime factors of 2205940?
2, 5, 11, 37, 271
List the prime factors of 164555.
5, 32911
What are the prime factors of 88242?
2, 3, 7, 11, 191
List the prime factors of 19665272.
2, 11, 223469
What are the prime factors of 1243185?
3, 5, 67, 1237
What are the prime factors of 5446347?
3, 1815449
What are the prime factors of 127957?
199, 643
List the prime factors of 10891421.
10891421
List the prime factors of 1917965.
5, 7, 54799
What are the prime factors of 2058020?
2, 5, 17, 6053
What are the prime factors of 6102792?
2, 3, 84761
List the prime factors of 410228.
2, 7, 13, 23
List the prime factors of 126668.
2, 31667
List the prime factors of 670879.
11, 71, 859
List the prime factors of 218615.
5, 23, 1901
What are the prime factors of 8226008?
2, 7, 146893
What are the prime factors of 251195?
5, 7, 7177
What are the prime factors of 158735?
5, 53, 599
What are the prime factors of 15025147?
41, 366467
List the prime factors of 799655.
5, 159931
List the prime factors of 110679.
3, 79, 467
What are the prime factors of 4048881?
3, 19, 251, 283
List the prime factors of 6596810.
2, 5, 11, 59971
List the prime factors of 3986365.
5, 797273
List the prime factors of 143267.
23, 6229
What are the prime factors of 2071452?
2, 3, 53, 3257
What are the prime factors of 11645015?
5, 23, 109, 929
What are the prime factors of 10717?
7, 1531
What are the prime factors of 6098518?
2, 43, 70913
What are the prime factors of 9731?
37, 263
List the prime factors of 1536464.
2, 109, 881
List the prime factors of 677066.
2, 13, 26041
What are the prime factors of 350341?
19, 18439
What are the prime factors of 211180?
2, 5, 10559
What are the prime factors of 518011?
13, 39847
What are the prime factors of 5446664?
2, 17, 29, 1381
List the prime factors of 9439787.
7, 1348541
List the prime factors of 829881.
3, 13, 41, 173
List the prime factors of 19667746.
2, 7, 739, 1901
List the prime factors of 16609561.
17, 383, 2551
What are the prime factors of 123898?
2, 61949
What are the prime factors of 274158?
2, 3, 5077
What are the prime factors of 7926614?
2, 139, 28513
List the prime factors of 1892623.
419, 4517
What are the prime factors of 9094527?
3, 13, 77731
What are the prime factors of 21531170?
2, 5, 47, 61, 751
List the prime factors of 5927131.
7, 846733
What are the prime factors of 3699759?
3, 7, 176179
What are the prime factors of 9474987?
3, 59, 199, 269
List the prime factors of 4091275.
5, 37, 4423
What are the prime factors of 4250519?
7, 13, 3593
What are the prime factors of 3272356?
2, 199, 4111
List the prime factors of 434209.
434209
List the prime factors of 3467898.
2, 3, 7, 17, 1619
What are the prime factors of 765005?
5, 153001
What are the prime factors of 672153?
3, 449, 499
List the prime factors of 1011881.
13, 277, 281
What are the prime factors of 266295?
3, 5, 41, 433
List the prime factors of 4199892.
2, 3, 23, 15217
What are the prime factors of 475416?
2, 3, 31, 71
What are the prime factors of 334488?
2, 3, 7, 11, 181
What are the prime factors of 7771595?
5, 13, 119563
What are the prime factors of 16521579?
3, 73, 25147
What are the prime factors of 2059715?
5, 7, 1201
List the prime factors of 1225842.
2, 3, 19, 10753
List the prime factors of 225351.
3, 7, 73
What are the prime factors of 2513196?
2, 3, 7, 9973
What are the prime factors of 1434115?
5, 233, 1231
What are the prime factors of 11233551?
3, 7, 534931
List the prime factors of 3455058.
2, 3, 179, 3217
What are the prime factors of 4629280?
2, 5, 28933
What are the prime factors of 3490139?
3490139
List the prime factors of 287791.
7, 41113
What are the prime factors of 11835535?
5, 43, 55049
List the prime factors of 15390401.
13, 1183877
List the prime factors of 283212.
2, 3, 7867
List the prime factors of 1825433.
47, 38839
What are the prime factors of 9235?
5, 1847
What are the prime factors of 804063?
3, 13, 53, 389
What are the prime factors of 135744?
2, 3, 7, 101
What are the prime factors of 4055581?
4055581
List the prime factors of 9923.
9923
What are the prime factors of 228656?
2, 31, 461
What are the prime factors of 8788536?
2, 3, 37, 3299
What are the prime factors of 243492?
2, 3, 103, 197
List the prime factors of 170234.
2, 47, 1811
What are the prime factors of 2062754?
2, 19, 2857
What are the prime factors of 3966317?
151, 26267
List the prime factors of 19930305.
3, 5, 23, 41, 1409
What are the prime factors of 195863?
195863
List the prime factors of 607349.
607349
What are the prime factors of 477356?
2, 11, 19, 571
List the prime factors of 905091.
3, 11, 27427
What are the prime factors of 8875052?
2, 19, 31, 3767
What are the prime factors of 1087369?
137, 7937
What are the prime factors of 700417?
17, 41201
What are the prime factors of 463275?
3, 5, 29, 71
What are the prime factors of 8488668?
2, 3, 19, 31, 1201
What are the prime factors of 6561832?
2, 31, 26459
What are the prime factors of 10884561?
3, 3628187
List the prime factors of 21423107.
21423107
List the prime factors of 26831398.
2, 11, 43, 113, 251
List the prime factors of 6895955.
5, 11, 19, 6599
List the prime factors of 81186.
2, 3, 7, 1933
What are the prime factors of 670353?
3, 439, 509
What are the prime factors of 8973982?
2, 971, 4621
List the prime factors of 306409.
131, 2339
What are the prime factors of 296829?
3, 13, 43, 59
List the prime factors of 1030106.
2, 7, 11, 6689
What are the prime factors of 702425?
5, 28097
What are the prime factors of 225131?
17, 19, 41
List the prime factors of 2299458.
2, 3, 7, 53, 1033
What are the prime factors of 3570870?
2, 3, 5, 37, 3217
What are the prime factors of 590338?
2, 7, 149, 283
List the prime factors of 4305846.
2, 3, 359, 1999
What are the prime factors of 16760842?
2, 7, 171029
What are the prime factors of 2550513?
3, 7, 121453
List the prime factors of 21302440.
2, 5, 532561
What are the prime factors of 2652956?
2, 663239
What are the prime factors of 447811?
7, 13, 19, 37
What are the prime factors of 109556?
2, 61, 449
List the prime factors of 294993.
3, 73, 449
What are the prime factors of 689195?
5, 13, 23, 461
What are the prime factors of 5574882?
2, 3, 421, 2207
List the prime factors of 149635.
5, 29927
List the prime factors of 2096828.
2, 113, 4639
List the prime factors of 965058.
2, 3, 41, 3923
List the prime factors of 658906.
2, 107, 3079
What are the prime factors of 1508340?
2, 3, 5, 23, 1093
List the prime factors of 74811.
3, 11, 2267
What are the prime factors of 152074?
2, 13, 5849
List the prime factors of 29984.
2, 937
What are the prime factors of 24849